{"id":21604,"date":"2021-02-11T16:20:44","date_gmt":"2021-02-11T15:20:44","guid":{"rendered":"https:\/\/www.guidaturisticaosta.it\/francesca-bacolla-guida-turistica-valle-daosta\/"},"modified":"2025-12-05T08:49:17","modified_gmt":"2025-12-05T07:49:17","slug":"francesca-bacolla-guide-conferencier-vallee-daoste","status":"publish","type":"page","link":"https:\/\/www.guidaturisticaosta.it\/fr\/francesca-bacolla-guide-conferencier-vallee-daoste\/","title":{"rendered":"Francesca Bacolla &#8211; Guide Conf\u00e9rencier Vall\u00e9e d&rsquo;Aoste"},"content":{"rendered":"<p>[et_pb_section fb_built=\u00a0\u00bb1&Prime; admin_label=\u00a0\u00bbSlider\u00a0\u00bb _builder_version=\u00a0\u00bb4.16&Prime; _dynamic_attributes=\u00a0\u00bbbackground_image\u00a0\u00bb _module_preset=\u00a0\u00bbdefault\u00a0\u00bb use_background_color_gradient=\u00a0\u00bbon\u00a0\u00bb background_color_gradient_stops=\u00a0\u00bbrgba(0,0,0,0) 69%|rgba(0,0,0,0.7) 100%\u00a0\u00bb background_color_gradient_overlays_image=\u00a0\u00bbon\u00a0\u00bb background_color_gradient_start=\u00a0\u00bbrgba(0,0,0,0)\u00a0\u00bb background_color_gradient_start_position=\u00a0\u00bb69%\u00a0\u00bb background_color_gradient_end=\u00a0\u00bbrgba(0,0,0,0.7)\u00a0\u00bb background_image=\u00a0\u00bb@ET-DC@eyJkeW5hbWljIjp0cnVlLCJjb250ZW50IjoicG9zdF9mZWF0dXJlZF9pbWFnZSIsInNldHRpbmdzIjp7fX0=@\u00a0\u00bb background_position=\u00a0\u00bbbottom_center\u00a0\u00bb min_height=\u00a0\u00bb60vh\u00a0\u00bb min_height_tablet=\u00a0\u00bb\u00a0\u00bb min_height_phone=\u00a0\u00bb100vw\u00a0\u00bb min_height_last_edited=\u00a0\u00bbon|phone\u00a0\u00bb custom_padding=\u00a0\u00bb0px||0px||false|false\u00a0\u00bb bottom_divider_color=\u00a0\u00bbrgba(0,0,0,0.5)\u00a0\u00bb bottom_divider_height=\u00a0\u00bb350px\u00a0\u00bb bottom_divider_flip=\u00a0\u00bbhorizontal\u00a0\u00bb module_alignment_last_edited=\u00a0\u00bboff|desktop\u00a0\u00bb collapsed=\u00a0\u00bboff\u00a0\u00bb global_colors_info=\u00a0\u00bb{}\u00a0\u00bb][et_pb_row _builder_version=\u00a0\u00bb4.16&Prime; _module_preset=\u00a0\u00bbdefault\u00a0\u00bb custom_padding=\u00a0\u00bb10vh||30vh||false|false\u00a0\u00bb global_colors_info=\u00a0\u00bb{}\u00a0\u00bb][et_pb_column type=\u00a0\u00bb4_4&Prime; _builder_version=\u00a0\u00bb4.16&Prime; _module_preset=\u00a0\u00bbdefault\u00a0\u00bb global_colors_info=\u00a0\u00bb{}\u00a0\u00bb][\/et_pb_column][\/et_pb_row][et_pb_row _builder_version=\u00a0\u00bb4.16&Prime; _module_preset=\u00a0\u00bbdefault\u00a0\u00bb positioning=\u00a0\u00bbabsolute\u00a0\u00bb position_origin_a=\u00a0\u00bbbottom_center\u00a0\u00bb width_tablet=\u00a0\u00bb100%\u00a0\u00bb width_phone=\u00a0\u00bb100%\u00a0\u00bb width_last_edited=\u00a0\u00bbon|tablet\u00a0\u00bb custom_padding=\u00a0\u00bb0px||0px||false|false\u00a0\u00bb global_colors_info=\u00a0\u00bb{}\u00a0\u00bb][et_pb_column type=\u00a0\u00bb4_4&Prime; _builder_version=\u00a0\u00bb4.16&Prime; _module_preset=\u00a0\u00bbdefault\u00a0\u00bb global_colors_info=\u00a0\u00bb{}\u00a0\u00bb][et_pb_image src=\u00a0\u00bbhttps:\/\/www.guidaturisticaosta.it\/wp-content\/uploads\/2020\/10\/Solo-grafica.png\u00a0\u00bb title_text=\u00a0\u00bbSolo grafica\u00a0\u00bb _builder_version=\u00a0\u00bb4.16&Prime; _module_preset=\u00a0\u00bbdefault\u00a0\u00bb positioning=\u00a0\u00bbabsolute\u00a0\u00bb position_origin_a=\u00a0\u00bbbottom_center\u00a0\u00bb max_height=\u00a0\u00bb16vh\u00a0\u00bb max_height_last_edited=\u00a0\u00bboff|phone\u00a0\u00bb custom_margin=\u00a0\u00bb0px||0px||false|false\u00a0\u00bb global_colors_info=\u00a0\u00bb{}\u00a0\u00bb][\/et_pb_image][\/et_pb_column][\/et_pb_row][\/et_pb_section][et_pb_section fb_built=\u00a0\u00bb1&Prime; admin_label=\u00a0\u00bbClaim\u00a0\u00bb _builder_version=\u00a0\u00bb4.16&Prime; _module_preset=\u00a0\u00bbdefault\u00a0\u00bb custom_padding=\u00a0\u00bb0px||||false|false\u00a0\u00bb collapsed=\u00a0\u00bboff\u00a0\u00bb global_colors_info=\u00a0\u00bb{}\u00a0\u00bb][et_pb_row _builder_version=\u00a0\u00bb4.16&Prime; _module_preset=\u00a0\u00bbdefault\u00a0\u00bb parallax=\u00a0\u00bbon\u00a0\u00bb global_colors_info=\u00a0\u00bb{}\u00a0\u00bb][et_pb_column type=\u00a0\u00bb4_4&Prime; _builder_version=\u00a0\u00bb4.16&Prime; _module_preset=\u00a0\u00bbdefault\u00a0\u00bb global_colors_info=\u00a0\u00bb{}\u00a0\u00bb][et_pb_text _builder_version=\u00a0\u00bb4.16&Prime; _dynamic_attributes=\u00a0\u00bbcontent\u00a0\u00bb _module_preset=\u00a0\u00bbdefault\u00a0\u00bb header_font=\u00a0\u00bb|300|||||||\u00a0\u00bb header_text_color=\u00a0\u00bb#197dff\u00a0\u00bb header_2_text_color=\u00a0\u00bb#606060&Prime; text_orientation=\u00a0\u00bbcenter\u00a0\u00bb header_font_size_tablet=\u00a0\u00bb\u00a0\u00bb header_font_size_phone=\u00a0\u00bb27px\u00a0\u00bb header_font_size_last_edited=\u00a0\u00bbon|phone\u00a0\u00bb header_2_font_size_tablet=\u00a0\u00bb\u00a0\u00bb header_2_font_size_phone=\u00a0\u00bb29px\u00a0\u00bb header_2_font_size_last_edited=\u00a0\u00bbon|phone\u00a0\u00bb global_colors_info=\u00a0\u00bb{}\u00a0\u00bb]@ET-DC@eyJkeW5hbWljIjp0cnVlLCJjb250ZW50IjoicG9zdF90aXRsZSIsInNldHRpbmdzIjp7ImJlZm9yZSI6IjxoMT4iLCJhZnRlciI6IjwvaDE+In19@[\/et_pb_text][et_pb_divider color=\u00a0\u00bb#c4c4c4&Prime; divider_weight=\u00a0\u00bb6px\u00a0\u00bb _builder_version=\u00a0\u00bb4.16&Prime; _module_preset=\u00a0\u00bbdefault\u00a0\u00bb max_width=\u00a0\u00bb200px\u00a0\u00bb module_alignment=\u00a0\u00bbcenter\u00a0\u00bb height=\u00a0\u00bb6px\u00a0\u00bb custom_margin=\u00a0\u00bb0px||25px||false|false\u00a0\u00bb custom_padding=\u00a0\u00bb0px||0px||false|false\u00a0\u00bb locked=\u00a0\u00bboff\u00a0\u00bb global_colors_info=\u00a0\u00bb{}\u00a0\u00bb][\/et_pb_divider][\/et_pb_column][\/et_pb_row][et_pb_row column_structure=\u00a0\u00bb2_3,1_3&Prime; _builder_version=\u00a0\u00bb4.27.4&Prime; _module_preset=\u00a0\u00bbdefault\u00a0\u00bb global_colors_info=\u00a0\u00bb{}\u00a0\u00bb][et_pb_column type=\u00a0\u00bb2_3&Prime; _builder_version=\u00a0\u00bb4.16&Prime; _module_preset=\u00a0\u00bbdefault\u00a0\u00bb global_colors_info=\u00a0\u00bb{}\u00a0\u00bb][et_pb_text module_id=\u00a0\u00bborari\u00a0\u00bb _builder_version=\u00a0\u00bb4.27.4&Prime; _module_preset=\u00a0\u00bb88317a29-9a5c-4d72-8f3a-99ee8991522e\u00a0\u00bb link_text_color=\u00a0\u00bb#444444&Prime; hover_enabled=\u00a0\u00bb0&Prime; link_font_size_tablet=\u00a0\u00bb\u00a0\u00bb link_font_size_phone=\u00a0\u00bb15px\u00a0\u00bb link_font_size_last_edited=\u00a0\u00bbon|desktop\u00a0\u00bb locked=\u00a0\u00bboff\u00a0\u00bb global_colors_info=\u00a0\u00bb{}\u00a0\u00bb link_text_color__hover_enabled=\u00a0\u00bbon|hover\u00a0\u00bb link_text_color__hover=\u00a0\u00bb#41a0f2&Prime; sticky_enabled=\u00a0\u00bb0&Prime;]<\/p>\n<p>Bienvenue !<br \/>Je m&rsquo;appelle Francesca et je suis n\u00e9e et ai grandi en <strong>Vall\u00e9e d&rsquo;Aoste<\/strong>, une r\u00e9gion que j&rsquo;aime profond\u00e9ment.<br \/>Apr\u00e8s avoir obtenu un master en <strong>Langues \u00c9trang\u00e8res<\/strong> avec une th\u00e8se sur la promotion touristique du Fort de Bard (en me concentrant sur la zone linguistique allemande), j&rsquo;ai eu le privil\u00e8ge de travailler au Fort de Bard en tant qu&rsquo;assistante mus\u00e9ale. J&rsquo;y ai d\u00e9di\u00e9 mon temps \u00e0 l&rsquo;accompagnement des visiteurs et \u00e0 l&rsquo;organisation d&rsquo;ateliers p\u00e9dagogiques.<br \/>J&rsquo;ai ensuite obtenu le dipl\u00f4me de <strong>guide conf\u00e9rencier en italien, fran\u00e7ais, allemand et anglais<\/strong>. Mon objectif ? Partager ma passion pour la Vall\u00e9e d&rsquo;Aoste avec les touristes, italiens et \u00e9trangers.Depuis dix ans, j&rsquo;exerce \u00e0 temps plein la profession de <strong>guide conf\u00e9rencier en Vall\u00e9e d&rsquo;Aoste<\/strong>, un r\u00f4le qui me permet, chaque jour, de valoriser l&rsquo;immense patrimoine artistique et culturel de ma r\u00e9gion. Je crois fermement \u00e0 la formation continue, c&rsquo;est pourquoi j&rsquo;ai suivi des <strong>cours de formation sur le tourisme accessible et inclusif<\/strong>, j&rsquo;ai obtenu le titre de <strong>technicien d\u00e9gustateur ONAS<\/strong> et je suis actuellement <strong>un cours de l&rsquo;AIS (Association Italienne des Sommeliers)<\/strong>.<\/p>\n<p>Je suis \u00e9galement <strong>membre fondateur de la F\u00e9d\u00e9ration des Guides Conf\u00e9renciers de la Vall\u00e9e d&rsquo;Aoste<\/strong>, l&rsquo;association professionnelle qui repr\u00e9sente les guides conf\u00e9renciers professionnel et r\u00e9sidant dans notre r\u00e9gion. Mon nom figure \u00e9galement sur la Liste Nationale des Guides Conf\u00e9renciers, consultable sur le site du Minist\u00e8re du Tourisme Italien.<\/p>\n<p><strong>Faites confiance \u00e0 une guide locale pour explorer la Vall\u00e9e d&rsquo;Aoste<\/strong>, la plus petite, mais surprenante, r\u00e9gion d&rsquo;Italie !<br \/>Pour rendre les visites guid\u00e9es encore plus confortables et engageantes, j&rsquo;utilise des <strong>radios avec \u00e9couteurs (whispers)<\/strong> fournis par mes soins. Cela permet de mieux profiter des lieux et des espaces mus\u00e9aux, en \u00e9liminant le bruit ambiant et en garantissant une meilleure immersion vocale de la part du guide.<\/p>\n<p>[\/et_pb_text][et_pb_button button_url=\u00a0\u00bb@ET-DC@eyJkeW5hbWljIjp0cnVlLCJjb250ZW50IjoicG9zdF9saW5rX3VybF9wYWdlIiwic2V0dGluZ3MiOnsicG9zdF9pZCI6IjEzMTg0In19@\u00a0\u00bb button_text=\u00a0\u00bbContacts\u00a0\u00bb _builder_version=\u00a0\u00bb4.27.4&Prime; _dynamic_attributes=\u00a0\u00bbbutton_url\u00a0\u00bb _module_preset=\u00a0\u00bbdefault\u00a0\u00bb global_colors_info=\u00a0\u00bb{}\u00a0\u00bb][\/et_pb_button][et_pb_text admin_label=\u00a0\u00bbCrediti\u00a0\u00bb _builder_version=\u00a0\u00bb4.16&Prime; _dynamic_attributes=\u00a0\u00bbcontent\u00a0\u00bb _module_preset=\u00a0\u00bbdefault\u00a0\u00bb text_font_size=\u00a0\u00bb12px\u00a0\u00bb text_orientation=\u00a0\u00bbright\u00a0\u00bb custom_margin=\u00a0\u00bb0px||0px||false|false\u00a0\u00bb custom_padding=\u00a0\u00bb0px||0px||false|false\u00a0\u00bb global_colors_info=\u00a0\u00bb{}\u00a0\u00bb]@ET-DC@eyJkeW5hbWljIjp0cnVlLCJjb250ZW50IjoiY3VzdG9tX21ldGFfY3JlZGl0aSIsInNldHRpbmdzIjp7ImJlZm9yZSI6IiIsImFmdGVyIjoiIiwiZW5hYmxlX2h0bWwiOiJvZmYifX0=@[\/et_pb_text][\/et_pb_column][et_pb_column type=\u00a0\u00bb1_3&Prime; _builder_version=\u00a0\u00bb4.16&Prime; _module_preset=\u00a0\u00bbdefault\u00a0\u00bb global_colors_info=\u00a0\u00bb{}\u00a0\u00bb][et_pb_image src=\u00a0\u00bbhttps:\/\/www.guidaturisticaosta.it\/wp-content\/uploads\/2020\/11\/francesca-bacolla-guida-turistica-valle-daosta.jpg\u00a0\u00bb alt=\u00a0\u00bbGuida turistica Valle d&rsquo;Aosta\u00a0\u00bb title_text=\u00a0\u00bbGuida turistica Valle d&rsquo;Aosta\u00a0\u00bb _builder_version=\u00a0\u00bb4.16&Prime; _module_preset=\u00a0\u00bbdefault\u00a0\u00bb global_colors_info=\u00a0\u00bb{}\u00a0\u00bb][\/et_pb_image][\/et_pb_column][\/et_pb_row][\/et_pb_section]<\/p>\n","protected":false},"excerpt":{"rendered":"<p>Bienvenue !Je m&rsquo;appelle Francesca et je suis n\u00e9e et ai grandi en Vall\u00e9e d&rsquo;Aoste, une r\u00e9gion que j&rsquo;aime profond\u00e9ment.Apr\u00e8s avoir [&hellip;]<\/p>\n","protected":false},"author":1,"featured_media":21606,"parent":0,"menu_order":6,"comment_status":"closed","ping_status":"closed","template":"","meta":{"_acf_changed":false,"_et_pb_use_builder":"on","_et_pb_old_content":"","_et_gb_content_width":"","footnotes":""},"page_category":[],"class_list":["post-21604","page","type-page","status-publish","has-post-thumbnail","hentry"],"acf":[],"_links":{"self":[{"href":"https:\/\/www.guidaturisticaosta.it\/fr\/wp-json\/wp\/v2\/pages\/21604","targetHints":{"allow":["GET"]}}],"collection":[{"href":"https:\/\/www.guidaturisticaosta.it\/fr\/wp-json\/wp\/v2\/pages"}],"about":[{"href":"https:\/\/www.guidaturisticaosta.it\/fr\/wp-json\/wp\/v2\/types\/page"}],"author":[{"embeddable":true,"href":"https:\/\/www.guidaturisticaosta.it\/fr\/wp-json\/wp\/v2\/users\/1"}],"replies":[{"embeddable":true,"href":"https:\/\/www.guidaturisticaosta.it\/fr\/wp-json\/wp\/v2\/comments?post=21604"}],"version-history":[{"count":8,"href":"https:\/\/www.guidaturisticaosta.it\/fr\/wp-json\/wp\/v2\/pages\/21604\/revisions"}],"predecessor-version":[{"id":22476,"href":"https:\/\/www.guidaturisticaosta.it\/fr\/wp-json\/wp\/v2\/pages\/21604\/revisions\/22476"}],"wp:featuredmedia":[{"embeddable":true,"href":"https:\/\/www.guidaturisticaosta.it\/fr\/wp-json\/wp\/v2\/media\/21606"}],"wp:attachment":[{"href":"https:\/\/www.guidaturisticaosta.it\/fr\/wp-json\/wp\/v2\/media?parent=21604"}],"wp:term":[{"taxonomy":"page_category","embeddable":true,"href":"https:\/\/www.guidaturisticaosta.it\/fr\/wp-json\/wp\/v2\/page_category?post=21604"}],"curies":[{"name":"wp","href":"https:\/\/api.w.org\/{rel}","templated":true}]}}

Francesca Bacolla &#8211; Guide Conférencier Vallée d&rsquo;Aoste

<p>[et_pb_section fb_built= »1&Prime; admin_label= »Slider » _builder_version= »4.16&Prime; _dynamic_attributes= »background_image » _module_preset= »default » use_background_color_gradient= »on » background_color_gradient_stops= »rgba(0,0,0,0) 69%|rgba(0,0,0,0.7) 100% » background_color_gradient_overlays_image= »on » background_color_gradient_start= »rgba(0,0,0,0) » background_color_gradient_start_position= »69% » background_color_gradient_end= »rgba(0,0,0,0.7) » background_image= »@ET-DC@eyJkeW5hbWljIjp0cnVlLCJjb250ZW50IjoicG9zdF9mZWF0dXJlZF9pbWFnZSIsInNldHRpbmdzIjp7fX0=@ » background_position= »bottom_center » min_height= »60vh » min_height_tablet= » » min_height_phone= »100vw » min_height_last_edited= »on|phone » custom_padding= »0px||0px||false|false » bottom_divider_color= »rgba(0,0,0,0.5) » bottom_divider_height= »350px » bottom_divider_flip= »horizontal » module_alignment_last_edited= »off|desktop » collapsed= »off » global_colors_info= »{} »][et_pb_row _builder_version= »4.16&Prime; _module_preset= »default » custom_padding= »10vh||30vh||false|false » global_colors_info= »{} »][et_pb_column type= »4_4&Prime; _builder_version= »4.16&Prime; _module_preset= »default » global_colors_info= »{} »][/et_pb_column][/et_pb_row][et_pb_row _builder_version= »4.16&Prime; _module_preset= »default » positioning= »absolute » position_origin_a= »bottom_center » width_tablet= »100% » width_phone= »100% » width_last_edited= »on|tablet » custom_padding= »0px||0px||false|false » global_colors_info= »{} »][et_pb_column type= »4_4&Prime; _builder_version= »4.16&Prime; _module_preset= »default » global_colors_info= »{} »][et_pb_image src= »https://www.guidaturisticaosta.it/wp-content/uploads/2020/10/Solo-grafica.png » title_text= »Solo grafica » _builder_version= »4.16&Prime; _module_preset= »default » positioning= »absolute » position_origin_a= »bottom_center » max_height= »16vh » max_height_last_edited= »off|phone » custom_margin= »0px||0px||false|false » global_colors_info= »{} »][/et_pb_image][/et_pb_column][/et_pb_row][/et_pb_section][et_pb_section fb_built= »1&Prime; admin_label= »Claim » _builder_version= »4.16&Prime; _module_preset= »default » custom_padding= »0px||||false|false » collapsed= »off » global_colors_info= »{} »][et_pb_row _builder_version= »4.16&Prime; _module_preset= »default » parallax= »on » global_colors_info= »{} »][et_pb_column type= »4_4&Prime; _builder_version= »4.16&Prime; _module_preset= »default » global_colors_info= »{} »][et_pb_text _builder_version= »4.16&Prime; _dynamic_attributes= »content » _module_preset= »default » header_font= »|300||||||| » header_text_color= »#197dff » header_2_text_color= »#606060&Prime; text_orientation= »center » header_font_size_tablet= » » header_font_size_phone= »27px » header_font_size_last_edited= »on|phone » header_2_font_size_tablet= » » header_2_font_size_phone= »29px » header_2_font_size_last_edited= »on|phone » global_colors_info= »{} »]@ET-DC@eyJkeW5hbWljIjp0cnVlLCJjb250ZW50IjoicG9zdF90aXRsZSIsInNldHRpbmdzIjp7ImJlZm9yZSI6IjxoMT4iLCJhZnRlciI6IjwvaDE+In19@[/et_pb_text][et_pb_divider color= »#c4c4c4&Prime; divider_weight= »6px » _builder_version= »4.16&Prime; _module_preset= »default » max_width= »200px » module_alignment= »center » height= »6px » custom_margin= »0px||25px||false|false » custom_padding= »0px||0px||false|false » locked= »off » global_colors_info= »{} »][/et_pb_divider][/et_pb_column][/et_pb_row][et_pb_row column_structure= »2_3,1_3&Prime; _builder_version= »4.27.4&Prime; _module_preset= »default » global_colors_info= »{} »][et_pb_column type= »2_3&Prime; _builder_version= »4.16&Prime; _module_preset= »default » global_colors_info= »{} »][et_pb_text module_id= »orari » _builder_version= »4.27.4&Prime; _module_preset= »88317a29-9a5c-4d72-8f3a-99ee8991522e » link_text_color= »#444444&Prime; hover_enabled= »0&Prime; link_font_size_tablet= » » link_font_size_phone= »15px » link_font_size_last_edited= »on|desktop » locked= »off » global_colors_info= »{} » link_text_color__hover_enabled= »on|hover » link_text_color__hover= »#41a0f2&Prime; sticky_enabled= »0&Prime;]</p>
<p>Bienvenue !<br />Je m&rsquo;appelle Francesca et je suis née et ai grandi en <strong>Vallée d&rsquo;Aoste</strong>, une région que j&rsquo;aime profondément.<br />Après avoir obtenu un master en <strong>Langues Étrangères</strong> avec une thèse sur la promotion touristique du Fort de Bard (en me concentrant sur la zone linguistique allemande), j&rsquo;ai eu le privilège de travailler au Fort de Bard en tant qu&rsquo;assistante muséale. J&rsquo;y ai dédié mon temps à l&rsquo;accompagnement des visiteurs et à l&rsquo;organisation d&rsquo;ateliers pédagogiques.<br />J&rsquo;ai ensuite obtenu le diplôme de <strong>guide conférencier en italien, français, allemand et anglais</strong>. Mon objectif ? Partager ma passion pour la Vallée d&rsquo;Aoste avec les touristes, italiens et étrangers.Depuis dix ans, j&rsquo;exerce à temps plein la profession de <strong>guide conférencier en Vallée d&rsquo;Aoste</strong>, un rôle qui me permet, chaque jour, de valoriser l&rsquo;immense patrimoine artistique et culturel de ma région. Je crois fermement à la formation continue, c&rsquo;est pourquoi j&rsquo;ai suivi des <strong>cours de formation sur le tourisme accessible et inclusif</strong>, j&rsquo;ai obtenu le titre de <strong>technicien dégustateur ONAS</strong> et je suis actuellement <strong>un cours de l&rsquo;AIS (Association Italienne des Sommeliers)</strong>.</p>
<p>Je suis également <strong>membre fondateur de la Fédération des Guides Conférenciers de la Vallée d&rsquo;Aoste</strong>, l&rsquo;association professionnelle qui représente les guides conférenciers professionnel et résidant dans notre région. Mon nom figure également sur la Liste Nationale des Guides Conférenciers, consultable sur le site du Ministère du Tourisme Italien.</p>
<p><strong>Faites confiance à une guide locale pour explorer la Vallée d&rsquo;Aoste</strong>, la plus petite, mais surprenante, région d&rsquo;Italie !<br />Pour rendre les visites guidées encore plus confortables et engageantes, j&rsquo;utilise des <strong>radios avec écouteurs (whispers)</strong> fournis par mes soins. Cela permet de mieux profiter des lieux et des espaces muséaux, en éliminant le bruit ambiant et en garantissant une meilleure immersion vocale de la part du guide.</p>
<p>[/et_pb_text][et_pb_button button_url= »@ET-DC@eyJkeW5hbWljIjp0cnVlLCJjb250ZW50IjoicG9zdF9saW5rX3VybF9wYWdlIiwic2V0dGluZ3MiOnsicG9zdF9pZCI6IjEzMTg0In19@ » button_text= »Contacts » _builder_version= »4.27.4&Prime; _dynamic_attributes= »button_url » _module_preset= »default » global_colors_info= »{} »][/et_pb_button][et_pb_text admin_label= »Crediti » _builder_version= »4.16&Prime; _dynamic_attributes= »content » _module_preset= »default » text_font_size= »12px » text_orientation= »right » custom_margin= »0px||0px||false|false » custom_padding= »0px||0px||false|false » global_colors_info= »{} »]@ET-DC@eyJkeW5hbWljIjp0cnVlLCJjb250ZW50IjoiY3VzdG9tX21ldGFfY3JlZGl0aSIsInNldHRpbmdzIjp7ImJlZm9yZSI6IiIsImFmdGVyIjoiIiwiZW5hYmxlX2h0bWwiOiJvZmYifX0=@[/et_pb_text][/et_pb_column][et_pb_column type= »1_3&Prime; _builder_version= »4.16&Prime; _module_preset= »default » global_colors_info= »{} »][et_pb_image src= »https://www.guidaturisticaosta.it/wp-content/uploads/2020/11/francesca-bacolla-guida-turistica-valle-daosta.jpg » alt= »Guida turistica Valle d&rsquo;Aosta » title_text= »Guida turistica Valle d&rsquo;Aosta » _builder_version= »4.16&Prime; _module_preset= »default » global_colors_info= »{} »][/et_pb_image][/et_pb_column][/et_pb_row][/et_pb_section]</p>

<p>Bienvenue !Je m&rsquo;appelle Francesca et je suis née et ai grandi en Vallée d&rsquo;Aoste, une région que j&rsquo;aime profondément.Après avoir [&hellip;]</p>
