{"id":22402,"date":"2025-12-02T11:46:54","date_gmt":"2025-12-02T10:46:54","guid":{"rendered":"https:\/\/www.guidaturisticaosta.it\/il-canavese\/"},"modified":"2025-12-17T14:55:23","modified_gmt":"2025-12-17T13:55:23","slug":"canavais","status":"publish","type":"page","link":"https:\/\/www.guidaturisticaosta.it\/fr\/canavais\/","title":{"rendered":"Canavais"},"content":{"rendered":"<p>\u00c0 la fronti\u00e8re avec la Vall\u00e9e d\u2019Aoste, le Canavais offre une grande richesse de paysages, domin\u00e9s par le spectaculaire <strong>Amphith\u00e9\u00e2tre morainique d\u2019Ivrea<\/strong>. Ce territoire rec\u00e8le de nombreux tr\u00e9sors historiques et artistiques, t\u00e9moins d\u2019une histoire mill\u00e9naire qui s\u2019\u00e9tend du N\u00e9olithique \u00e0 l\u2019\u00e9poque moderne, sans oublier son glorieux pass\u00e9 industriel marqu\u00e9 par <strong>Adriano Olivetti<\/strong>.<\/p>\n<p>La diversit\u00e9 de ses microclimats a \u00e9galement favoris\u00e9 la <strong>culture de la vigne<\/strong>, en particulier les <strong>c\u00e9pages Erbaluce et Nebbiolo<\/strong>, faisant des vignobles une partie int\u00e9grante du paysage, caract\u00e9ris\u00e9 par des terrasses soutenues par des murets en pierre s\u00e8che et des piliers en pierre supportant les pergolas.<\/p>\n<p>Profitez de la position privil\u00e9gi\u00e9e de la Vall\u00e9e d\u2019Aoste pour faire une halte en Canavais.<\/p>\n<p>Je vous accompagnerai \u00e0 la d\u00e9couverte de lieux qui partagent des racines et des histoires communes avec ma r\u00e9gion et sa gastronomie.<\/p>\n","protected":false},"excerpt":{"rendered":"<p>\u00c0 la fronti\u00e8re avec la Vall\u00e9e d\u2019Aoste, le Canavais offre une grande richesse de paysages, domin\u00e9s par le spectaculaire Amphith\u00e9\u00e2tre [&hellip;]<\/p>\n","protected":false},"author":2,"featured_media":22403,"parent":0,"menu_order":34,"comment_status":"closed","ping_status":"closed","template":"","meta":{"_acf_changed":false,"_et_pb_use_builder":"","_et_pb_old_content":"","_et_gb_content_width":"","footnotes":""},"page_category":[204],"class_list":["post-22402","page","type-page","status-publish","has-post-thumbnail","hentry","page_category-pagina-archivio-visite"],"acf":[],"_links":{"self":[{"href":"https:\/\/www.guidaturisticaosta.it\/fr\/wp-json\/wp\/v2\/pages\/22402","targetHints":{"allow":["GET"]}}],"collection":[{"href":"https:\/\/www.guidaturisticaosta.it\/fr\/wp-json\/wp\/v2\/pages"}],"about":[{"href":"https:\/\/www.guidaturisticaosta.it\/fr\/wp-json\/wp\/v2\/types\/page"}],"author":[{"embeddable":true,"href":"https:\/\/www.guidaturisticaosta.it\/fr\/wp-json\/wp\/v2\/users\/2"}],"replies":[{"embeddable":true,"href":"https:\/\/www.guidaturisticaosta.it\/fr\/wp-json\/wp\/v2\/comments?post=22402"}],"version-history":[{"count":7,"href":"https:\/\/www.guidaturisticaosta.it\/fr\/wp-json\/wp\/v2\/pages\/22402\/revisions"}],"predecessor-version":[{"id":22456,"href":"https:\/\/www.guidaturisticaosta.it\/fr\/wp-json\/wp\/v2\/pages\/22402\/revisions\/22456"}],"wp:featuredmedia":[{"embeddable":true,"href":"https:\/\/www.guidaturisticaosta.it\/fr\/wp-json\/wp\/v2\/media\/22403"}],"wp:attachment":[{"href":"https:\/\/www.guidaturisticaosta.it\/fr\/wp-json\/wp\/v2\/media?parent=22402"}],"wp:term":[{"taxonomy":"page_category","embeddable":true,"href":"https:\/\/www.guidaturisticaosta.it\/fr\/wp-json\/wp\/v2\/page_category?post=22402"}],"curies":[{"name":"wp","href":"https:\/\/api.w.org\/{rel}","templated":true}]}}

<p>À la frontière avec la Vallée d’Aoste, le Canavais offre une grande richesse de paysages, dominés par le spectaculaire <strong>Amphithéâtre morainique d’Ivrea</strong>. Ce territoire recèle de nombreux trésors historiques et artistiques, témoins d’une histoire millénaire qui s’étend du Néolithique à l’époque moderne, sans oublier son glorieux passé industriel marqué par <strong>Adriano Olivetti</strong>.</p>
<p>La diversité de ses microclimats a également favorisé la <strong>culture de la vigne</strong>, en particulier les <strong>cépages Erbaluce et Nebbiolo</strong>, faisant des vignobles une partie intégrante du paysage, caractérisé par des terrasses soutenues par des murets en pierre sèche et des piliers en pierre supportant les pergolas.</p>
<p>Profitez de la position privilégiée de la Vallée d’Aoste pour faire une halte en Canavais.</p>
<p>Je vous accompagnerai à la découverte de lieux qui partagent des racines et des histoires communes avec ma région et sa gastronomie.</p>

<p>À la frontière avec la Vallée d’Aoste, le Canavais offre une grande richesse de paysages, dominés par le spectaculaire Amphithéâtre [&hellip;]</p>
