{"id":22106,"date":"2018-05-26T20:25:15","date_gmt":"2018-05-26T18:25:15","guid":{"rendered":"https:\/\/www.guidaturisticaosta.it\/visite\/mercatini-di-natale-aosta\/"},"modified":"2026-08-25T13:10:08","modified_gmt":"2026-08-25T11:10:08","slug":"mercatini-di-natale-aosta","status":"publish","type":"visite","link":"https:\/\/www.guidaturisticaosta.it\/fr\/visite\/mercatini-di-natale-aosta\/","title":{"rendered":"March\u00e9 de No\u00ebl d\u2019Aoste"},"content":{"rendered":"<h2>Informations sur le March\u00e9 de No\u00ebl d\u2019Aoste<\/h2>\n<p>Pendant la p\u00e9riode de No\u00ebl, le <strong>March\u00e9 de No\u00ebl d\u2019Aoste<\/strong> transforme le centre historique de la ville en un charmant village alpin.<\/p>\n<p><strong>Le March\u00e9 Vert No\u00ebl<\/strong> est d\u00e9sormais un \u00e9v\u00e9nement incontournable, v\u00e9ritable vitrine du meilleur de l\u2019artisanat et de la gastronomie vald\u00f4taine.<br \/>\nDe nombreux chalets en bois, d\u00e9cor\u00e9s aux couleurs traditionnelles de No\u00ebl, accueillent les visiteurs dans un festival de lumi\u00e8res, de parfums et de couleurs.<\/p>\n<p>En fl\u00e2nant le long du <strong>march\u00e9 de No\u00ebl d\u2019Aoste<\/strong>, vous d\u00e9couvrirez des objets en bois et en c\u00e9ramique, des articles en laine bouillie, des bougies parfum\u00e9es, des tissus et de nombreuses d\u00e9corations de No\u00ebl.<br \/>\nLes chalets proposent \u00e9galement <strong>les produits typiques vald\u00f4tains<\/strong>, tels que la Fontina, le Lard d\u2019Arnad AOP ou le Jambon de Bosses AOP, sans oublier les douceurs artisanales et les verres fumants de vin chaud.<\/p>\n<p>Outre l\u2019artisanat, les visiteurs pourront assister \u00e0 des d\u00e9monstrations en direct d\u2019artisans locaux : de v\u00e9ritables artistes capables de transformer un simple morceau de bois en une \u0153uvre d\u2019art.<\/p>\n<p>Pour l\u2019\u00e9dition 2025, le traditionnel March\u00e9 de No\u00ebl d\u2019Aoste change de d\u00e9cor: il quitte le Th\u00e9\u00e2tre romain pour s\u2019installer sur la <strong>prestigieuse Piazza Chanoux, au pied de l\u2019H\u00f4tel de Ville<\/strong>, en plein centre historique et entour\u00e9 des montagnes enneig\u00e9es \u2014 un cadre unique qui en fait <strong>l\u2019un des march\u00e9s de No\u00ebl les plus enchanteurs du nord de l\u2019Italie.<\/strong><\/p>\n<h2>Visite guid\u00e9e pendant les March\u00e9s de No\u00ebl d\u2019Aoste<\/h2>\n<p><strong>La visite du March\u00e9 de No\u00ebl d\u2019Aoste<\/strong> peut \u00eatre associ\u00e9e \u00e0 une <strong>visite guid\u00e9e de la ville<\/strong>, qui rev\u00eat en hiver une atmosph\u00e8re particuli\u00e8rement magique et suggestive.<br \/>\nFond\u00e9e par les Romains en 25 av. J.-C., Aoste conserve d\u2019admirables vestiges arch\u00e9ologiques, tels que <strong><a href=\"https:\/\/www.guidaturisticaosta.it\/fr\/luoghi_visite\/arc-d-auguste\/\" target=\"_blank\" rel=\"noopener\">l\u2019Arc d\u2019Auguste<\/a><\/strong>, le <strong><a href=\"https:\/\/www.guidaturisticaosta.it\/fr\/luoghi_visite\/theatre-romain-daoste\/\" target=\"_blank\" rel=\"noopener\">Th\u00e9\u00e2tre romain<\/a><\/strong> et le <strong><a href=\"https:\/\/www.guidaturisticaosta.it\/fr\/luoghi_visite\/cryptoportique\/\" target=\"_blank\" rel=\"noopener\">Cryptoportique du forum<\/a><\/strong>, ainsi que de remarquables monuments m\u00e9di\u00e9vaux comme la <strong><a href=\"https:\/\/www.guidaturisticaosta.it\/fr\/luoghi_visite\/collegiale-de-saint-ours\/\" target=\"_blank\" rel=\"noopener\">Coll\u00e9giale de Saint-Ours<\/a><\/strong> et la <strong><a href=\"https:\/\/www.guidaturisticaosta.it\/fr\/luoghi_visite\/cathedrale-de-notre-dame-de-lassomption\/\" target=\"_blank\" rel=\"noopener\">Cath\u00e9drale<\/a><\/strong>.<\/p>\n<p>La visite guid\u00e9e vous permettra de d\u00e9couvrir l\u2019histoire mill\u00e9naire de cette ville fascinante et peut se conclure par une d\u00e9gustation de produits typiques vald\u00f4tains.<\/p>\n<p><iframe loading=\"lazy\" src=\"https:\/\/www.youtube.com\/embed\/ApysLNMGIk0\" width=\"560\" height=\"315\" frameborder=\"0\" allowfullscreen=\"allowfullscreen\"><\/iframe><\/p>\n<p>Scopri tutte le\u00a0<strong>visite guidate<\/strong> legate al <a href=\"https:\/\/www.guidaturisticaosta.it\/fr\/territoire-de-la-vallee-daoste-informations-et-visites-guidees\/\"><strong>territorio della Valle d&rsquo;Aosta<\/strong><\/a><\/p>\n","protected":false},"excerpt":{"rendered":"<p>Dans le cadre extraordinaire du centre historique d\u2019Aoste, le March\u00e9 de No\u00ebl transforme le c\u0153ur de la ville en un charmant village alpin.<\/p>\n","protected":false},"author":1,"featured_media":22108,"comment_status":"open","ping_status":"closed","template":"","tags":[45,46,130,173,195],"categoria_visite":[305],"class_list":["post-22106","visite","type-visite","status-publish","has-post-thumbnail","hentry","tag-aosta","tag-aosta-romana","tag-mercatini-di-natale","tag-teatro-romano-aosta","tag-visita-guidata-aosta","categoria_visite-territoire"],"acf":[],"_links":{"self":[{"href":"https:\/\/www.guidaturisticaosta.it\/fr\/wp-json\/wp\/v2\/visite\/22106","targetHints":{"allow":["GET"]}}],"collection":[{"href":"https:\/\/www.guidaturisticaosta.it\/fr\/wp-json\/wp\/v2\/visite"}],"about":[{"href":"https:\/\/www.guidaturisticaosta.it\/fr\/wp-json\/wp\/v2\/types\/visite"}],"author":[{"embeddable":true,"href":"https:\/\/www.guidaturisticaosta.it\/fr\/wp-json\/wp\/v2\/users\/1"}],"replies":[{"embeddable":true,"href":"https:\/\/www.guidaturisticaosta.it\/fr\/wp-json\/wp\/v2\/comments?post=22106"}],"version-history":[{"count":4,"href":"https:\/\/www.guidaturisticaosta.it\/fr\/wp-json\/wp\/v2\/visite\/22106\/revisions"}],"predecessor-version":[{"id":22109,"href":"https:\/\/www.guidaturisticaosta.it\/fr\/wp-json\/wp\/v2\/visite\/22106\/revisions\/22109"}],"wp:featuredmedia":[{"embeddable":true,"href":"https:\/\/www.guidaturisticaosta.it\/fr\/wp-json\/wp\/v2\/media\/22108"}],"wp:attachment":[{"href":"https:\/\/www.guidaturisticaosta.it\/fr\/wp-json\/wp\/v2\/media?parent=22106"}],"wp:term":[{"taxonomy":"post_tag","embeddable":true,"href":"https:\/\/www.guidaturisticaosta.it\/fr\/wp-json\/wp\/v2\/tags?post=22106"},{"taxonomy":"categoria_visite","embeddable":true,"href":"https:\/\/www.guidaturisticaosta.it\/fr\/wp-json\/wp\/v2\/categoria_visite?post=22106"}],"curies":[{"name":"wp","href":"https:\/\/api.w.org\/{rel}","templated":true}]}}

Marché de Noël d’Aoste

<h2>Informations sur le Marché de Noël d’Aoste</h2>
<p>Pendant la période de Noël, le <strong>Marché de Noël d’Aoste</strong> transforme le centre historique de la ville en un charmant village alpin.</p>
<p><strong>Le Marché Vert Noël</strong> est désormais un événement incontournable, véritable vitrine du meilleur de l’artisanat et de la gastronomie valdôtaine.<br />
De nombreux chalets en bois, décorés aux couleurs traditionnelles de Noël, accueillent les visiteurs dans un festival de lumières, de parfums et de couleurs.</p>
<p>En flânant le long du <strong>marché de Noël d’Aoste</strong>, vous découvrirez des objets en bois et en céramique, des articles en laine bouillie, des bougies parfumées, des tissus et de nombreuses décorations de Noël.<br />
Les chalets proposent également <strong>les produits typiques valdôtains</strong>, tels que la Fontina, le Lard d’Arnad AOP ou le Jambon de Bosses AOP, sans oublier les douceurs artisanales et les verres fumants de vin chaud.</p>
<p>Outre l’artisanat, les visiteurs pourront assister à des démonstrations en direct d’artisans locaux : de véritables artistes capables de transformer un simple morceau de bois en une œuvre d’art.</p>
<p>Pour l’édition 2025, le traditionnel Marché de Noël d’Aoste change de décor: il quitte le Théâtre romain pour s’installer sur la <strong>prestigieuse Piazza Chanoux, au pied de l’Hôtel de Ville</strong>, en plein centre historique et entouré des montagnes enneigées — un cadre unique qui en fait <strong>l’un des marchés de Noël les plus enchanteurs du nord de l’Italie.</strong></p>
<h2>Visite guidée pendant les Marchés de Noël d’Aoste</h2>
<p><strong>La visite du Marché de Noël d’Aoste</strong> peut être associée à une <strong>visite guidée de la ville</strong>, qui revêt en hiver une atmosphère particulièrement magique et suggestive.<br />
Fondée par les Romains en 25 av. J.-C., Aoste conserve d’admirables vestiges archéologiques, tels que <strong><a href="https://www.guidaturisticaosta.it/fr/luoghi_visite/arc-d-auguste/" target="_blank" rel="noopener">l’Arc d’Auguste</a></strong>, le <strong><a href="https://www.guidaturisticaosta.it/fr/luoghi_visite/theatre-romain-daoste/" target="_blank" rel="noopener">Théâtre romain</a></strong> et le <strong><a href="https://www.guidaturisticaosta.it/fr/luoghi_visite/cryptoportique/" target="_blank" rel="noopener">Cryptoportique du forum</a></strong>, ainsi que de remarquables monuments médiévaux comme la <strong><a href="https://www.guidaturisticaosta.it/fr/luoghi_visite/collegiale-de-saint-ours/" target="_blank" rel="noopener">Collégiale de Saint-Ours</a></strong> et la <strong><a href="https://www.guidaturisticaosta.it/fr/luoghi_visite/cathedrale-de-notre-dame-de-lassomption/" target="_blank" rel="noopener">Cathédrale</a></strong>.</p>
<p>La visite guidée vous permettra de découvrir l’histoire millénaire de cette ville fascinante et peut se conclure par une dégustation de produits typiques valdôtains.</p>
<p><iframe loading="lazy" src="https://www.youtube.com/embed/ApysLNMGIk0" width="560" height="315" frameborder="0" allowfullscreen="allowfullscreen"></iframe></p>
<p>Scopri tutte le <strong>visite guidate</strong> legate al <a href="https://www.guidaturisticaosta.it/fr/territoire-de-la-vallee-daoste-informations-et-visites-guidees/"><strong>territorio della Valle d&rsquo;Aosta</strong></a></p>

<p>Dans le cadre extraordinaire du centre historique d’Aoste, le Marché de Noël transforme le cœur de la ville en un charmant village alpin.</p>
