{"id":22832,"date":"2026-07-31T22:23:07","date_gmt":"2026-07-31T20:23:07","guid":{"rendered":"https:\/\/www.guidaturisticaosta.it\/visite\/stella-di-pila\/"},"modified":"2026-07-31T22:54:42","modified_gmt":"2026-07-31T20:54:42","slug":"letoile-de-pila","status":"publish","type":"visite","link":"https:\/\/www.guidaturisticaosta.it\/fr\/visite\/letoile-de-pila\/","title":{"rendered":"L&rsquo;Etoile de Pila"},"content":{"rendered":"<h2 style=\"text-align: left;\">Mont\u00e9e \u00e0 l&rsquo;Etoile de Pila<\/h2>\n<p>L&rsquo;Etoile de Pila est un exceptionnel belv\u00e9d\u00e8re situ\u00e9 \u00e0 2 723 m\u00e8tres d\u2019altitude, o\u00f9 l\u2019on peut admirer un panorama unique.<\/p>\n<p>Install\u00e9e sur une cr\u00eate au c\u0153ur d\u2019un amphith\u00e9\u00e2tre naturel, la Stella de Pila se pr\u00e9sente comme une rose des vents dot\u00e9e de terrasses panoramiques offrant une <strong>vue spectaculaire sur les plus hauts sommets des Alpes<\/strong>, tels que le Grand Paradis, le Mont Blanc, le Grand Combin et le Cervin.<\/p>\n<p><strong>Accessible en une demi-heure seulement depuis le centre d\u2019Aoste gr\u00e2ce au nouveau t\u00e9l\u00e9ph\u00e9rique Aoste\u2013Pila\u2013Couis<\/strong>.<\/p>\n<p>\u00c0 l\u2019int\u00e9rieur de la Stella, le Panoramic Bistrot propose une cuisine de grande qualit\u00e9 qui met \u00e0 l\u2019honneur les sp\u00e9cialit\u00e9s de la Vall\u00e9e d\u2019Aoste, revisit\u00e9es dans un esprit contemporain. \u00c0 l\u2019ext\u00e9rieur, de vastes terrasses ensoleill\u00e9es invitent \u00e0 profiter pleinement du paysage.<\/p>\n<h2>Pila<\/h2>\n<p>Pila est une station de montagne situ\u00e9e \u00e0 1 800 m\u00e8tres d\u2019altitude, au-dessus de la ville d\u2019Aoste, offrant un panorama \u00e0 couper le souffle sur les grandes cha\u00eenes alpines.<\/p>\n<p>Le d\u00e9veloppement urbanistique de la station touristique de Pila remonte aux ann\u00e9es 1970, selon les principes d\u2019un plan d\u2019am\u00e9nagement inspir\u00e9 de l\u2019exp\u00e9rience des nouvelles stations fran\u00e7aises.<\/p>\n<p>L\u2019ensemble architectural s\u2019int\u00e8gre harmonieusement \u00e0 la morphologie du site et ses couleurs se fondent dans celles de l\u2019environnement naturel. Les h\u00f4tels semblent \u00e9merger du terrain, tandis que la majorit\u00e9 des r\u00e9sidences priv\u00e9es sont construites en terrasses semi-enterr\u00e9es, offrant une vue imprenable sur le Mont Blanc.<\/p>\n<p>En redescendant dans la vall\u00e9e, ne manquez pas de <a href=\"https:\/\/www.guidaturisticaosta.it\/fr\/visite\/aoste-romaine-et-medievale\/\" target=\"_blank\"><strong>visiter la ville d\u2019Aoste<\/strong><\/a> et ses remarquables vestiges de l\u2019\u00e9poque romaine et m\u00e9di\u00e9vale.<\/p>\n<p>D\u00e9couvrez toutes les visites guid\u00e9es li\u00e9es au <a href=\"https:\/\/www.guidaturisticaosta.it\/fr\/territoire-de-la-vallee-daoste-informations-et-visites-guidees\/\" target=\"_blank\"><strong>territoire de la Vall\u00e9e d\u2019Aoste<\/strong><\/a><\/p>\n","protected":false},"excerpt":{"rendered":"<p>Comme une rose des vents dot\u00e9e de terrasses panoramiques offrant une vue spectaculaire elle est accessible en t\u00e9l\u00e9ph\u00e9rique en une demi-heure depuis le centre d&rsquo;Aoste.<\/p>\n","protected":false},"author":2,"featured_media":22833,"comment_status":"open","ping_status":"closed","template":"","tags":[316,315],"categoria_visite":[305],"class_list":["post-22832","visite","type-visite","status-publish","has-post-thumbnail","hentry","tag-pila","tag-stella-di-pila","categoria_visite-territoire"],"acf":[],"_links":{"self":[{"href":"https:\/\/www.guidaturisticaosta.it\/fr\/wp-json\/wp\/v2\/visite\/22832","targetHints":{"allow":["GET"]}}],"collection":[{"href":"https:\/\/www.guidaturisticaosta.it\/fr\/wp-json\/wp\/v2\/visite"}],"about":[{"href":"https:\/\/www.guidaturisticaosta.it\/fr\/wp-json\/wp\/v2\/types\/visite"}],"author":[{"embeddable":true,"href":"https:\/\/www.guidaturisticaosta.it\/fr\/wp-json\/wp\/v2\/users\/2"}],"replies":[{"embeddable":true,"href":"https:\/\/www.guidaturisticaosta.it\/fr\/wp-json\/wp\/v2\/comments?post=22832"}],"version-history":[{"count":6,"href":"https:\/\/www.guidaturisticaosta.it\/fr\/wp-json\/wp\/v2\/visite\/22832\/revisions"}],"predecessor-version":[{"id":22851,"href":"https:\/\/www.guidaturisticaosta.it\/fr\/wp-json\/wp\/v2\/visite\/22832\/revisions\/22851"}],"wp:featuredmedia":[{"embeddable":true,"href":"https:\/\/www.guidaturisticaosta.it\/fr\/wp-json\/wp\/v2\/media\/22833"}],"wp:attachment":[{"href":"https:\/\/www.guidaturisticaosta.it\/fr\/wp-json\/wp\/v2\/media?parent=22832"}],"wp:term":[{"taxonomy":"post_tag","embeddable":true,"href":"https:\/\/www.guidaturisticaosta.it\/fr\/wp-json\/wp\/v2\/tags?post=22832"},{"taxonomy":"categoria_visite","embeddable":true,"href":"https:\/\/www.guidaturisticaosta.it\/fr\/wp-json\/wp\/v2\/categoria_visite?post=22832"}],"curies":[{"name":"wp","href":"https:\/\/api.w.org\/{rel}","templated":true}]}}

<h2 style="text-align: left;">Montée à l&rsquo;Etoile de Pila</h2>
<p>L&rsquo;Etoile de Pila est un exceptionnel belvédère situé à 2 723 mètres d’altitude, où l’on peut admirer un panorama unique.</p>
<p>Installée sur une crête au cœur d’un amphithéâtre naturel, la Stella de Pila se présente comme une rose des vents dotée de terrasses panoramiques offrant une <strong>vue spectaculaire sur les plus hauts sommets des Alpes</strong>, tels que le Grand Paradis, le Mont Blanc, le Grand Combin et le Cervin.</p>
<p><strong>Accessible en une demi-heure seulement depuis le centre d’Aoste grâce au nouveau téléphérique Aoste–Pila–Couis</strong>.</p>
<p>À l’intérieur de la Stella, le Panoramic Bistrot propose une cuisine de grande qualité qui met à l’honneur les spécialités de la Vallée d’Aoste, revisitées dans un esprit contemporain. À l’extérieur, de vastes terrasses ensoleillées invitent à profiter pleinement du paysage.</p>
<h2>Pila</h2>
<p>Pila est une station de montagne située à 1 800 mètres d’altitude, au-dessus de la ville d’Aoste, offrant un panorama à couper le souffle sur les grandes chaînes alpines.</p>
<p>Le développement urbanistique de la station touristique de Pila remonte aux années 1970, selon les principes d’un plan d’aménagement inspiré de l’expérience des nouvelles stations françaises.</p>
<p>L’ensemble architectural s’intègre harmonieusement à la morphologie du site et ses couleurs se fondent dans celles de l’environnement naturel. Les hôtels semblent émerger du terrain, tandis que la majorité des résidences privées sont construites en terrasses semi-enterrées, offrant une vue imprenable sur le Mont Blanc.</p>
<p>En redescendant dans la vallée, ne manquez pas de <a href="https://www.guidaturisticaosta.it/fr/visite/aoste-romaine-et-medievale/" target="_blank"><strong>visiter la ville d’Aoste</strong></a> et ses remarquables vestiges de l’époque romaine et médiévale.</p>
<p>Découvrez toutes les visites guidées liées au <a href="https://www.guidaturisticaosta.it/fr/territoire-de-la-vallee-daoste-informations-et-visites-guidees/" target="_blank"><strong>territoire de la Vallée d’Aoste</strong></a></p>

<p>Comme une rose des vents dotée de terrasses panoramiques offrant une vue spectaculaire elle est accessible en téléphérique en une demi-heure depuis le centre d&rsquo;Aoste.</p>
